d(2).
103
Let l(m) = m**2 - 7*m + 6. Determine l(7).
6
Let r(c) = 241*c + 1446. What is r(-6)?
0
Let s(y) = -y**3 - 6*y**2 + 2*y + 8. Determine s(-6).
-4
Let n(v) = -v**2 - 2*v + 311. What is n(16)?
23
Let j(x) = -13*x**3 + x**2 + 2*x + 1. What is j(-1)?
13
Let k(v) = -10*v**2 + 2. Give k(2).
-38
Let q(i) = -i - 6. What is q(7)?
-13
Let o(j) = 86*j - 509. Determine o(6).
7
Let r(o) = 3*o + 15. Determine r(8).
39
Let f(n) = 16*n**2 - 10*n + 2. Give f(2).
46
Let g(d) = -d - 3. What is g(3)?
-6
Let c(g) = g**3 + 61*g**2 + 172*g - 109. Give c(-58).
7
Let d(f) = -f + 8. Give d(-14).
22
Let n(l) = -l**2 - l + 22. Give n(4).
2
Let w(f) = f**3 + 6*f**2 + 7. Give w(-6).
7
Let k(v) = -35*v - 457. Give k(-13).
-2
Let y(m) = -m**3 - 28*m**2 - m - 37. Calculate y(-28).
-9
Let m(b) = -b**3 + 2*b**2 - 6*b + 1. Calculate m(4).
-55
Let q(h) = -h**3 + 4*h**2 + 5*h - 9. Give q(5).
-9
Let t(m) = m**3 + m**2 - m - 1. Calculate t(-1).
0
Let s(w) = -16*w + 4. Determine s(-3).
52
Let l(g) = -2*g + 33. Give l(0).
33
Let t(v) = -2*v - 5. What is t(2)?
-9
Let v(m) = -3*m + 12. Calculate v(6).
-6
Let l(k) = k**2 - 9*k - 13. Give l(11).
9
Let b(v) = 2*v**3 - 29*v**2 - 15*v - 11. Give b(15).
-11
Let a(r) = -r**2 - 6*r + 7. Determine a(-9).
-20
Let r(s) = 6*s**3 + 3*s**2 - 9*s + 6. Calculate r(3).
168
Let f(o) = -3*o**2 + 7*o - 17. Determine f(4).
-37
Let k(i) = -4*i - 2. What is k(-7)?
26
Let b(z) = -z**2 - z + 3. Give b(0).
3
Let a(z) = -2*z + 18. Give a(16).
-14
Let o(c) = -376*c + 755. Give o(2).
3
Let l(a) = 6*a + 16. Determine l(-4).
-8
Let z(w) = 5*w + 20. Give z(-5).
-5
Let a(l) = -27*l - 210. Calculate a(-8).
6
Let v(a) = a**2 + 4*a + 7. Determine v(-4).
7
Let n(d) = -d**3 - 25*d**2 + 3*d + 64. Give n(-25).
-11
Let v(f) = -f**2 - 18*f + 16. Determine v(-19).
-3
Let k(c) = -c + 10. What is k(-9)?
19
Let c(y) = -y**2 - 9*y - 14. Calculate c(-6).
4
Let m(b) = 7*b**3 + 4*b**2 + b - 4. Give m(1).
8
Let t(u) = u - 10. Calculate t(5).
-5
Let u(f) = -f**3 - 6*f**2 + 5*f - 5. What is u(-7)?
9
Let d(c) = c**2 + 67*c + 918. Calculate d(-48).
6
Let u(s) = s**3 - 6*s**2 + 6*s - 2. Give u(3).
-11
Let v(r) = -2*r**3 + 4*r - 1. Calculate v(2).
-9
Let z(g) = g**2 - 5*g - 12. Determine z(4).
-16
Let t(b) = b**2 + 2*b + 183. What is t(0)?
183
Let g(d) = d**2 + 4*d - 2. Give g(-5).
3
Let u(b) = -b + 23. Calculate u(21).
2
Let j(f) = -15*f + 6. What is j(3)?
-39
Let c(b) = -2*b**2 + 2*b + 4. Give c(-5).
-56
Let j(x) = x**2 - 43*x - 296. Calculate j(-6).
-2
Let q(z) = -z**2 + 3*z + 38. What is q(10)?
-32
Let m(u) = u**3 + 6*u**2 - 6*u - 8. Calculate m(-7).
-15
Let l(s) = s**2 - 4*s - 28. What is l(9)?
17
Let i(t) = 3*t**2 - 162*t + 5. Calculate i(54).
5
Let n(o) = 4*o + 3. Determine n(6).
27
Let y(z) = -z + 31. Give y(16).
15
Let y(d) = -d**2 - 6*d + 1. Determine y(-8).
-15
Let i(z) = -2*z**3 + 54*z**2 - 51*z - 24. Give i(26).
2
Let a(y) = -2*y**3 + 25*y**2 + 12*y + 2. Give a(13).
-11
Let r(p) = p**2 - 17*p + 23. Determine r(16).
7
Let z(u) = -u**3 + 4*u**2 + 5*u. What is z(5)?
0
Let z(m) = 6*m - 1. What is z(1)?
5
Let c(o) = -o**3 + 11*o**2 - 18*o - 5. Calculate c(9).
-5
Let v(j) = -3*j**2 + 14*j + 11. What is v(5)?
6
Let c(s) = 48*s**2 + 4*s - 3. Determine c(1).
49
Let s(i) = i**2 + 14*i + 4. Calculate s(-15).
19
Let m(i) = i**2 - 12*i + 8. What is m(16)?
72
Let t(l) = -3*l**3 + l**2 + 2*l + 1. What is t(2)?
-15
Let l(m) = -40*m - 416. Calculate l(-10).
-16
Let o(s) = s**2 + 80*s + 511. Determine o(-7).
0
Let l(h) = -9*h + 26. Determine l(6).
-28
Let h(n) = 12*n + 29. Give h(3).
65
Let i(w) = -6*w**2 + 6*w + 8. Give i(-5).
-172
Let v(m) = 13*m - 27. Give v(2).
-1
Let s(n) = 2*n**2 + 4*n - 11. What is s(4)?
37
Let c(k) = -k - 12. Give c(-8).
-4
Let u(s) = s**2 + 9*s + 3. Give u(-8).
-5
Let u(b) = b**3 - 36*b**2 + 12*b + 800. Calculate u(35).
-5
Let n(o) = 18*o + 219. Determine n(-12).
3
Let t(a) = -7*a**3 + 8*a + 7. Calculate t(-3).
172
Let v(t) = -t**2 + 51*t + 222. Calculate v(55).
2
Let m(t) = -t**3 + 6*t**2 - 3*t - 8. Calculate m(4).
12
Let k(n) = n**2 - n - 1. What is k(6)?
29
Let h(m) = 4*m**2 - 13*m - 158. Calculate h(8).
-6
Let x(i) = -i**3 + 5*i**2 + 3*i - 3. Calculate x(-3).
60
Let l(i) = 6*i**3 - 14*i**2 - 11*i + 2. Give l(-1).
-7
Let m(d) = -d**3 - d**2 + 21*d - 8. Give m(4).
-4
Let z(a) = 13*a**2 + 50*a - 13. What is z(-4)?
-5
Let v(a) = 6*a + 82. Calculate v(-12).
10
Let d(t) = -5*t**3 - t**2 + 12*t - 10. What is d(1)?
-4
Let g(p) = 7*p**3 - p + 1. Determine g(1).
7
Let h(k) = k + 42. Determine h(-34).
8
Let r(z) = -z**3 + 8*z**2 + 9. Determine r(8).
9
Let z(i) = i**3 + 4*i**2 - 11*i + 7. Give z(-6).
1
Let l(h) = 7*h + 8. What is l(-9)?
-55
Let b(c) = c**2 - 3*c + 6. Calculate b(5).
16
Let h(t) = t**3 + 5*t**2 - 3*t - 7. What is h(-6)?
-25
Let a(w) = 2*w**3 - 6*w**2 + 4*w - 10. Determine a(4).
38
Let o(t) = -31*t. Calculate o(1).
-31
Let s(y) = -y + 1. What is s(4)?
-3
Let t(h) = h**2 - 4*h + 9. Give t(3).
6
Let i(v) = 4*v - 3. What is i(-2)?
-11
Let t(u) = 7*u - 111. Give t(16).
1
Let n(s) = -2*s**3 - 6*s**2 - 5*s - 5. Calculate n(-4).
47
Let q(f) = 11*f. Calculate q(-1).
-11
Let i(b) = -b**2 - 16*b - 4. Calculate i(-16).
-4
Let a(h) = 6*h - 19. Determine a(3).
-1
Let c(i) = -i + 2. Calculate c(5).
-3
Let k(l) = -19*l + 134. Calculate k(7).
1
Let m(i) = i**3 + 4*i**2 + 26. Determine m(-5).
1
Let x(z) = z**3 + 21*z**2 + 2*z + 44. Determine x(-21).
2
Let u(t) = 2*t**2 + 29*t - 6. Calculate u(-16).
42
Let l(v) = 2*v**3 - 24*v**2 - v + 14. What is l(12)?
2
Let w(a) = -a**3 + 14*a**2 - 3*a - 2. Give w(13).
128
Let b(d) = -d**3 - 19*d**2 - 10*d + 155. Determine b(-18).
11
Let w(k) = k**2 + 4*k. Determine w(-5).
5
Let b(v) = v**2 + 8*v - 31. Calculate b(-11).
2
Let i(r) = -r**3 + 5*r**2 + 5*r + 3. What is i(6)?
-3
Let u(m) = -m**3 + m**2 - m - 12. Determine u(0).
-12
Let o(n) = n**3 + 6*n**2 + 8*n - 2. Calculate o(-4).
-2
Let m(h) = -h - 4. What is m(6)?
-10
Let y(k) = -22*k - 59. Determine y(-3).
7
Let h(u) = 9*u - 40. Give h(5).
5
Let b(t) = 2*t**2 + 15*t - 27. Calculate b(2).
11
Let d(q) = -q + 48. What is d(14)?
34
Let a(l) = -l**2 + 8*l + 2. What is a(8)?
2
Let l(r) = 41*r + 1763. Determine l(-43).
0
Let c(f) = 11*f - 38. Give c(3).
-5
Let i(w) = 95*w**3 + w + 1. Determine i(1).
97
Let u(s) = -18*s - 131. Give u(-7).
-5
Let p(f) = -16*f + 22. What is p(5)?
-58
Let a(n) = 2*n**2 + 58*n + 10. Calculate a(-29).
10
Let d(x) = -x**2 - 2*x + 1. Calculate d(-2).
1
Let i(a) = 4*a - 50. Give i(12).
-2
Let m(o) = -o**3 + 9*o**2 + o - 8. Give m(10).
-98
Let q(k) = -k**3 + 6*k**2 - 3*k + 12. Give q(6).
-6
Let c(i) = -3*i + 55. Calculate c(20).
-5
Let o(w) = -w**3 + w**2 + w + 1. Determine o(-1).
2
Let z(x) = x**3 - 4*x**2 - 17*x + 15. Determine z(6).
-15
Let x(m) = 2*m**2 - 39*m + 4. What is x(20)?
24
Let s(x) = -5*x + 101. What is s(17)?
16
Let h(c) = -c**2 - 11*c + 6. What is h(-11)?
6
Let j(c) = -2*c + 2. What is j(-19)?
40
Let f(d) = -d**3 + 3*d**2 + d - 1. What is f(3)?
2
Let t(x) = x**2 + 7. Calculate t(0).
7
Let h(r) = -5*r + 82. What is h(13)?
17
Let a(q) = -2*q**2 - 23*q - 8. Give a(-11).
3
Let c(y) = -y**2 + 18*y - 71. Give c(9).
10
Let d(r) = -r - 47. What is d(-40)?
-7
Let m(b) = 12*b**2 + 3*b + 3. Give m(-1).
12
Let o(x) = -3*x - 204. Determine o(-69).
3
Let q(u) = 17*u + 1. Determine q(-2).
-33
Let m(w) = -w**3 - 4*w**2 - 2*w - 3. What is m(-4)?
5
Let q(b) = -4*b - 39. Calculate q(-16).
25
Let c(n) = 5*n**2 + 71*n - 57. Determine c(-15).
3
Let s(c) = c + 4. Give s(12).
16
Let g(j) = -j**3 - 10*j**2 - 8*j - 1. Determine g(-6).
-97
Let h(u) = -u**2 - 8*u + 25. Give h(-10).
5
Let d(k) = -k**3 - 12*k**2 + 11*k - 22. Determine d(-13).
4
Let a(v) = 4*v**2 - 4*v + 3. Give a(3).
27
Let g(c) = -4*c**2 + 3*c + 1. What is g(-3)?
-44
Let s(g) = g**3 - 10*g**2 - 15*g + 45. Give s(11).
1
Let w(g) = -4*g**3 + 40*g**2 + 4*g - 34. What is w(10)?
6
Let m(g) = g**2 + 12*g - 10. What is m(-7)?
-45
Let l(c) = 6*c - 155. What is l(20)?
-35
Let j(t) = -t**2 + 9*t - 29. Determine j(3).
-11
Let s(x) = -x**3 + 26*x**2 + 26*x + 26. What is s(27)?
-1
Let a(j) = 5*j**2 - 95*j - 6. Give a(19).
-6
Let c(j) = 3*j + 12. Give c(-10).
-18
Let u(l) = -l**3 + 11*l**2 - 11*l + 24. Calculate u(10).
14
Let c(k) = -64*k - 70. Calculate c(-1).
-6
Let y(r) = -r**3 - 2*r**2 + 3*r - 5. Determine y(2).
-15
Let 